 - 707 = -5*x - 5*i, -4*i + 145 = x. Suppose 411 = 5*r + x. What is the remainder when r is divided by 19?
16
Let d(q) = -2*q - 2. Let w be d(-4). Suppose -2*c - 2*s = -w, 5*c + 2*s - 11 = 2*c. Suppose o = -4 + 18. Calculate the remainder when o is divided by c.
4
Let j be -2 + -1 + 4 + 1. Suppose 17 - 3 = j*v. Calculate the remainder when 19 is divided by v.
5
Suppose m = -m. Suppose 3*p - 3*q = 171, 0*q - 4*q = m. What is the remainder when p is divided by 22 + -1 + -1 + 0?
17
Let v be (108/15)/((-2)/(-5)). Let b = v - 17. Calculate the remainder when 3 is divided by b.
0
Suppose 5*m - 265 + 75 = 0. Calculate the remainder when 150 is divided by m.
36
Suppose 0 = 4*h - g + 8, g = 3*h - 7 + 14. Let d(n) = 1 + 3 - 5 - 7*n - 8*n. What is the remainder when 27 is divided by d(h)?
13
Suppose 3*h - 123 = b + 2*b, -3*h - 2*b = -133. Let j = h + -29. Let w(x) = -x**3 - 10*x**2 + 8. What is the remainder when j is divided by w(-10)?
6
Let u(f) be the first derivative of f**4/4 - 7*f**3/3 + 9*f**2/2 - 3*f + 2. What is the remainder when 27 is divided by u(6)?
12
Let c = 108 + -85. What is the remainder when 42 is divided by c?
19
Suppose -5*x = -j + 43, 5*j = 3*x + 2*j + 21. Let t = 14 + x. Calculate the remainder when t is divided by 2.
1
Let l(b) = -34*b**3 + b. What is the remainder when l(-1) is divided by 12?
9
Let i = 22 - 16. Calculate the remainder when i is divided by (10/18)/((-35)/(-42))*6.
2
Let d(s) = 6*s**3 - s**2. What is the remainder when 37 is divided by d(1)?
2
Suppose o - 65 = -4*j + 2*j, -3*o = 5*j - 160. What is the remainder when j is divided by 6?
5
Let c = 134 - 120. Suppose o + 3*o - 156 = 0. Calculate the remainder when o*((2 - 0) + -1) is divided by c.
11
Suppose -2*l + 3 = -l - 3*p, p = 4*l - 45. Calculate the remainder when 59 is divided by l.
11
Let l(d) = -23*d - 21. What is the remainder when l(-3) is divided by 17?
14
Let g(i) be the first derivative of -i**3/3 + 4*i**2 + 2*i + 3. Suppose 0 = -5*t + 115 + 50. Calculate the remainder when t is divided by g(5).
16
Let t(z) = 8*z**2 + 5*z - 2. Let m be t(3). Suppose 4*n - 338 + m = v, -3*v = 4*n - 249. Let s = 100 - n. Calculate the remainder when s is divided by 10.
7
Let h(s) = 11*s - 2. Calculate the remainder when 98 is divided by h(2).
18
Let w = 3 + -2. What is the remainder when 29 is divided by w - 2 - -1 - -8?
5
What is the remainder when 106 is divided by ((-45)/25)/(0 - (-3)/(-45))?
25
Let p = -101 + 105. Let u be ((-6)/4)/(3/(-4)). Suppose -u*j = -5*g + 29, g = -0*g + 2*j + 1. Calculate the remainder when g is divided by p.
3
Calculate the remainder when 41 is divided by (16 - 0) + (-7)/7.
11
Let m be 32/(-40)*25/2. Let r be 16/m*10/(-4). Suppose -4*d + 3*t + 40 = -0, d - 10 = r*t. What is the remainder when 28 is divided by d?
8
Let w = 149 + -82. Suppose -4*t + 2*t = -4*a - 40, 4*t = -5*a + w. Calculate the remainder when 52 is divided by t.
16
Suppose r - 18 = 56. Calculate the remainder when (r/(-6) + 1)*-3 is divided by 9.
7
Let n = 18 + -11. Suppose p - 2 = n. Let j = -18 + 35. What is the remainder when j is divided by p?
8
Let k = 138 + -95. Let n(b) = b**3 + 16*b**2 - 18*b + 6. What is the remainder when k is divided by n(-17)?
20
Suppose -2*f - 364 = -p, 0*p = -4*p. Let d = 269 + f. Calculate the remainder when d is divided by 30.
27
Suppose 2*f = -7*p + 2*p + 69, -4*f - p = -147. What is the remainder when f is divided by 13?
11
Let y(q) = q**3 - 13*q**2 + 14*q - 13. Let c be (-549)/(-45) - 1/5. What is the remainder when 32 is divided by y(c)?
10
Suppose 4*t - 40 = -3*p, 0*t - 6 = -2*t + 2*p. Calculate the remainder when 33 is divided by t.
5
Suppose -5*w = -10*w + 105. What is the remainder when 41 is divided by w?
20
Suppose 5*n + 2*h + 21 = 0, 3*n + 2*h + 21 = -2*h. Let b(l) = -2*l + 5. What is the remainder when b(n) is divided by 7?
4
Suppose 65 + 10 = o. Suppose 5*q + 0*q = o. Let d = q - 9. Calculate the remainder when 17 is divided by d.
5
Let g be -2 - -2 - 1/1. Let f be 35 + -3 + 1 - g. Suppose -f = -4*x + 46. Calculate the remainder when x is divided by 7.
6
Let t = -26 + 53. Calculate the remainder when 51 is divided by t.
24
Suppose r = -2*r + 18. Let f(b) = -5*b + 3. What is the remainder when (2 - -2*r)/1 is divided by f(-1)?
6
Suppose -2*n + 11 + 1 = 0. Suppose 0 = 5*q - g - 25, 0*g = 2*q + 2*g + 2. Calculate the remainder when n is divided by q.
2
Let s = -73 + 108. Suppose 12 = 2*k - k. What is the remainder when s is divided by k?
11
Suppose -r - 5*x = 14, -5*r + 10*r + 3*x = 18. Calculate the remainder when r is divided by 4.
2
Let p(b) = 80*b**2 + 2*b + 1. Calculate the remainder when p(-1) is divided by 27.
25
Let p be 1/((-1)/(-1))*-8. Calculate the remainder when 27 is divided by p/(-10)*350/28.
7
Let s = -45 - -55. What is the remainder when 159 is divided by s?
9
Let l(i) = 2*i**2 - 2*i - 7. What is the remainder when l(3) is divided by 4?
1
Let w(c) = -29*c. Let q(i) = 2*i + 7. Let k(j) = -3*j - 14. Let h(y) = -3*k(y) - 5*q(y). Calculate the remainder when w(-1) is divided by h(-3).
9
Let t(z) = -4*z**2 + z + 4. Let g be t(2). Let f = -6 - g. Calculate the remainder when 10 is divided by f.
2
Suppose -2*y = 2*q + 3*y - 35, -2*q = 2*y - 20. Calculate the remainder when 4/10*(q - -60) is divided by 9.
8
Let h = 5 + 6. Calculate the remainder when h is divided by 2.
1
Suppose c - 30 = -3*c - z, 0 = -2*c - z + 16. What is the remainder when 19 is divided by c?
5
Suppose 3*s = 5*l - 10, 3*l - 25 = 3*s - 5*s. Calculate the remainder when 27 is divided by l.
2
Let w = -4 + 12. Let p(o) = -o**3 + 7*o**2 + 11*o - 8. What is the remainder when 47 is divided by p(w)?
15
Let p = 60 - 44. What is the remainder when 30 is divided by p?
14
Let x(p) be the first derivative of 3*p**2/2 + 8*p - 1. Suppose 28 = 3*b - b. What is the remainder when x(6) is divided by b?
12
Let z be (160/48)/((-2)/(-3)). Suppose 0 = -z*f - 4*k + 37, -2*f = -5*k + 4 + 1. Calculate the remainder when 17 is divided by f.
2
Let o(t) = -75*t - 1. What is the remainder when o(-1) is divided by 11?
8
Suppose 5*o - 10 - 5 = 0. Suppose 2*a = -4*p + 34, o*p - 21 - 15 = -3*a. What is the remainder when 11 is divided by a?
4
Suppose f - 6 = -0*f. Let c be -15*(64/(-12) + 3). Suppose 5*b + c = 120. Calculate the remainder when b is divided by f.
5
Let c = -27 + 41. Suppose -2*o - 5*w + 4*w = -23, o + w - c = 0. What is the remainder when ((-26)/(-5))/((-32)/40 + 1) is divided by o?
8
Let o = 9 - -3. Suppose -u = -1 + 22. Let m = 43 + u. Calculate the remainder when m is divided by o.
10
Let w be 11 + (-2 + 3)*-1. Let h be 36/5 + (-2)/w. Let f = h + -2. Calculate the remainder when 9 is divided by f.
4
Suppose 527 = 5*o - 133. Suppose -4*h - o = -8*h. Let r = h - 14. What is the remainder when r is divided by 11?
8
Let r(y) = y**3 + 5*y**2 - 2. What is the remainder when 47 is divided by r(-3)?
15
Let t be 6*-1 + (2 - 4). Let m = t - -12. Suppose -2*j + m*j = 6. Calculate the remainder when j is divided by 1.
0
What is the remainder when 30/(-10) + (-3)/(6/(-98)) is divided by 17?
12
Let b(m) = m - 3. Calculate the remainder when b(15) is divided by 8.
4
Suppose 0 = 2*s + 3*s + 4*d, -d = -4*s + 21. Let b be 2/7 + (-48)/(-28). Suppose -v = -b - 3. Calculate the remainder when v is divided by s.
1
Suppose v - 41 = -4*q, 4*v + 2*q + 0*q = 108. Calculate the remainder when v is divided by 14.
11
Suppose 0 = 4*x - 20, -2*k + 4*x = -74 - 28. Calculate the remainder when k is divided by 16.
13
Suppose 5 = 5*j, x - 23 = 2*j - j. Calculate the remainder when 69 is divided by x.
21
Suppose -2 = -4*j + 3*j. Suppose 5*i - 139 = 11. Suppose -4*b + 29 = 5*o, -5*b + i = 3*o + 2*o. Calculate the remainder when j is divided by b.
0
Calculate the remainder when (-6)/9*(-29 - -2) is divided by (-644)/(-63) - 2/9.
8
Suppose 0 = -3*x + 6*x - 12. Suppose -i + 3*p + 9 = -1, -3*i = -3*p - 30. What is the remainder when i is divided by x?
2
Let n(p) = -4*p - 5. Let u = -15 + 8. Let v(t) = t**3 + 7*t**2 + 5*t + 2. What is the remainder when n(u) is divided by v(-6)?
7
Let l(o) = 5*o - 6. Let h(w) = -2*w + 3. Let b(a) = -5*h(a) - 3*l(a). What is the remainder when 88 is divided by b(-3)?
16
Let t(h) = h + 6. Suppose 3*v = 3*p + 3, 3*p = -v - 2 - 17. Let b = 28 - 27. What is the remainder when t